e -69 = -a*u + 5*y, 0*u + 5*y = 5*u - 135. Let t = -12 - -45. What is the greatest common factor of t and u?
11
Let q(l) be the first derivative of 9*l**2/2 + 393*l + 199. Let s be q(-42). Calculate the highest common divisor of 30 and s.
15
Let w be (-48)/42*(-4 + 13/26). What is the highest common factor of w and 151?
1
Let z = 35 + -31. Suppose -f + 2 = 3, -12 = -4*r - z*f. Let t be r/32*142 + (-2)/(-8). Calculate the highest common divisor of t and 198.
18
Let z(s) = s + 67. Suppose 4*w - 99 = 5*l, -4*l + 2*l - 4*w = 62. Let t = l - -6. Let g be z(t). Calculate the highest common divisor of g and 25.
25
Let c be 1/(-1) + 263 + -1 + 4. Suppose c = 4*d - 155. Suppose 259 = 7*w + d. What is the highest common divisor of 22 and w?
22
Let l(g) = -78*g - 7. Suppose -2*n = -3*z - 13, n + 0*n - 10 = 2*z. Let w be l(z). What is the greatest common factor of 33 and w?
11
Let z = -376 + 403. Let p(y) = -y**3 + 28*y**2 - 23*y + 25. Let v be p(z). What is the greatest common divisor of 7 and v?
7
Suppose 3*u + 2*n + 2*n = -5, 3*u + 2*n = 5. Suppose -a - 139 + 1434 = 5*m, 5*m - u*a = 1325. Calculate the greatest common factor of 52 and m.
52
Let x(l) = 2*l**3 + 5*l**2 + 4*l - 135. Let r be x(5). Calculate the highest common factor of r and 1196.
52
Suppose -198 = 54*j - 76*j. Let c = -7 + 4. Let t be c - (2 - (-42)/(-3)). Calculate the highest common divisor of t and j.
9
Let r(d) = 2*d**2 - 29*d - 28. Let j be r(19). Let m be (-11704)/(-352) + 2/(-8). What is the greatest common divisor of j and m?
11
Let a(i) = i**2 + 4*i + 9. Let l be a(-4). Let h be 6 + -2 - 3/((-12)/(-8)). Suppose 8*y + h*y = 360. Calculate the greatest common divisor of y and l.
9
Let z be (-35)/(-14)*(-162)/(-5). Suppose 5*p + 3*b - 273 = 0, -217 = 11*p - 15*p - b. Calculate the highest common factor of z and p.
27
Suppose 3*n - n - 11 = -5*m, 2*n = 2*m - 10. Suppose m*s - 129 = -3*z, 2*z - 128 = -2*s - s. What is the highest common factor of s and 546?
42
Let g be ((-97)/(-291) - 1550/(-3))/1. What is the greatest common divisor of 99 and g?
11
Let t(y) = 13*y**2 + 22*y + 141. Let f be t(-10). Calculate the greatest common divisor of f and 462.
33
Let d(w) = -w**3 - 25*w**2 - 6*w + 26. Let t be d(-25). Let a(u) = u**3 - 6*u**2 + 10*u. Let m be a(4). What is the highest common divisor of m and t?
8
Suppose -5*o - 49 = -304. Let l(r) = -82 + r - 89 - r**3 + 195 + 12*r + 5*r**2. Let x be l(7). Calculate the highest common divisor of x and o.
17
Let n(f) = -f**3 - 20*f**2 - 19*f + 104. Let x be n(-24). Calculate the greatest common divisor of x and 32.
16
Let a(c) = c**3 - 13*c**2 - 28*c - 285. Let m be a(16). Calculate the highest common factor of m and 9765.
35
Let w = -384 + 549. Let j be (-1022)/(-3) - 5/(w/22). What is the greatest common divisor of j and 20?
20
Let n(f) = -f**3 - 20*f**2 + 29*f + 24. Let k(p) = -5*p + 118. Let x be k(28). Let v be n(x). What is the greatest common divisor of v and 590?
118
Suppose 88 = -0*d + 2*d. Let y(j) = 237*j + 1928. Let g be y(-8). What is the greatest common divisor of d and g?
4
Let y be 0 + 1 + 1*51. Suppose 2*v + 3*c = 148 - 6, 4*c = 4*v - 244. Calculate the greatest common factor of y and v.
13
Suppose -74*r = -70*r - 8, -2*r = 2*k - 816. Calculate the greatest common factor of 14 and k.
14
Suppose 3166 = 2*j + n - 22737, 0 = 3*j + 4*n - 38862. Calculate the greatest common factor of j and 100.
50
Let m = -5236 + 7931. What is the highest common divisor of m and 10?
5
Let i(k) = -k**3 + k**2 - k - 3. Let g be i(-1). Suppose g = 2*x + 23 - 35. Let f be 4 + ((-52)/39)/((-1)/x). Calculate the highest common divisor of f and 132.
12
Suppose 4*c + 6*c - 440 = 0. Suppose 4*a - 3 = 5. Suppose -4*o - 3*n = -a*o - 223, 5*o = 2*n + 548. What is the highest common factor of c and o?
22
Suppose 3*j - 5*a + 9 = -7, -j + 5*a = 22. Suppose 5*o = j*g + 40, -7*g + 2 = 2*o - 11*g. Calculate the greatest common factor of 88 and o.
11
Let a be ((-62619)/(-21) - 0) + ((-216)/(-42) - 5). What is the greatest common factor of 12 and a?
6
Let o(v) = -v - 3 + 3 + 7 + 18. Let i be o(15). Suppose -r - 4 + 6 = 0. Calculate the greatest common divisor of i and r.
2
Let g be (12/7)/((-102)/21 - -5). Let j(b) = -4*b + 75. Let i be j(g). Calculate the highest common divisor of 135 and i.
27
Let r(u) = -153*u - 452. Let v be r(-3). Let i be 39/12 - (-1)/(-4). Suppose -2*z + 70 = i*z. Calculate the greatest common factor of z and v.
7
Let a(d) = -132*d - 1681. Let c be a(-13). Calculate the greatest common factor of c and 49.
7
Let o(p) = 41*p - 1. Let n(j) = -2*j - 2. Let q be n(-2). Let w be o(q). Let z = 8677 + -8623. Calculate the highest common factor of w and z.
27
Let y = -73 + 77. Suppose 4*o = 3*h + 42 - 217, y*h - o = 229. What is the highest common factor of h and 19?
19
Let g = 1742 + 265. Calculate the greatest common factor of 9 and g.
9
Let d = -2559 - -3433. What is the highest common factor of d and 552?
46
Let h(c) = -4*c - 258. Let z be h(0). Let v = z + 342. Calculate the greatest common divisor of v and 28.
28
Let a(l) = 14*l**2 - l - 3. Suppose i = -0*i + 12. Suppose -4*c - y = -i, -5*y + 2*y + 14 = c. Let s be a(c). Calculate the greatest common divisor of s and 17.
17
Let k = 13257 - 12916. Calculate the greatest common factor of k and 11.
11
Let j(h) = -371*h - 1212. Let g be j(-4). Calculate the highest common factor of g and 1840.
16
Suppose -2*g - 3*r + 0*r + 85 = 0, 2*g + r - 95 = 0. Let m = 165 - g. Let l = -104 + m. Calculate the highest common factor of 44 and l.
11
Let d be 30/2 + (4 - 6). Suppose 3*m - 52 + d = 0. Suppose -3*v = -5*r - 5*v + 321, -2*v = 3*r - 191. Calculate the highest common divisor of m and r.
13
Suppose -2*x + 168 = 7*x - 2*x. Calculate the greatest common divisor of x and 1408.
8
Suppose 3*q = 3*y - 1395, 44*y - 915 = 42*y - 3*q. Calculate the greatest common divisor of y and 2002.
154
Suppose 5*y = 2*w - 23, -4*w + 13 = -3*y - 26. Let x(l) = -l + 2. Let q be x(-7). Calculate the highest common divisor of w and q.
9
Let i = -127 - -125. Let v be (-2 + -82)/i + (-2 - -2). Let f be 99*(28/6 - 0). What is the highest common divisor of v and f?
42
Suppose 3*z - 93 - 171 = 0. Let g be 0 + 5 - (6 + -23). Calculate the greatest common factor of g and z.
22
Let u(o) be the third derivative of 0*o + 25*o**2 + 1/3*o**3 - 37/6*o**4 + 0. Let x be u(-1). What is the highest common factor of 15 and x?
15
Suppose -37*j = -q - 35*j + 52, -j = 5*q - 216. Calculate the highest common factor of q and 5434.
22
Let o be 3552 - 34*(-12)/24. What is the highest common factor of o and 415?
83
Let k be 46972/20 - (-28)/70. What is the highest common divisor of k and 87?
87
Let t(c) = 7*c**3 + c**2 - 2*c + 8. Let k be t(3). Suppose 2*f + k = z, -z + f = -2*f - 202. What is the greatest common factor of 49 and z?
49
Suppose 125*h = 127*h - 2*w - 486, -6*h = -3*w - 1455. Calculate the greatest common divisor of h and 12221.
121
Suppose 13*c - 8*c = 250. Suppose 11 = 2*u - 0*o + o, -c = -5*u + 2*o. Calculate the greatest common divisor of 72 and u.
8
Let i = 12746 + -7811. Calculate the greatest common divisor of i and 35.
35
Let i = 366 + -366. Let n be (1 - -39) + i*13/117. Calculate the highest common factor of n and 220.
20
Suppose 0 = 7*k - 15*k + 120. Let p be (3 - (-27)/(-3)) + k. What is the greatest common factor of p and 72?
9
Let f be (120 - 111) + (-1 - 2)*-383. Calculate the greatest common divisor of f and 6.
6
Let i = -192 + 248. Suppose -i = a - 252. Calculate the highest common divisor of 140 and a.
28
Let v(h) = -h**3 + 13*h**2 + 24*h - 44. Let r be v(11). What is the highest common divisor of 3850 and r?
154
Let z = -9 - -13. Let q be (9/z)/((-6)/(-16)). Suppose 0 = -x - q + 11. What is the greatest common divisor of 80 and x?
5
Let t be 2*((-462)/36 - -12) - 22508/(-3). Calculate the highest common factor of 13 and t.
13
Let s be 3*19 - (3 - 1). Let a(y) = 2*y**2 + 32*y + 131. Let g be a(-17). Calculate the highest common factor of s and g.
55
Let u(q) = 3*q - 8*q + 632 - 645. Let s be u(-7). Calculate the greatest common divisor of s and 143.
11
Let i be 2410 + (-4 - (-7 - -1))/(-2). Calculate the highest common divisor of i and 511.
73
Suppose 12*z - 4398 = 3*c, -16*z + 5*c = -13*z - 1074. What is the greatest com